{"version":"1.0","provider_name":"Belladot","provider_url":"https:\/\/belladot.com\/sv\/","author_name":"Christoffer Utbult","author_url":"https:\/\/belladot.com\/sv\/author\/christoffer-utbult\/","title":"Internationella Alzheimersdagen - Belladot","type":"rich","width":600,"height":338,"html":"<blockquote class=\"wp-embedded-content\" data-secret=\"N5AwgFCmhe\"><a href=\"https:\/\/belladot.com\/sv\/2014\/09\/21\/internationella-alzheimersdagen\/\">Internationella Alzheimersdagen<\/a><\/blockquote><iframe sandbox=\"allow-scripts\" security=\"restricted\" src=\"https:\/\/belladot.com\/sv\/2014\/09\/21\/internationella-alzheimersdagen\/embed\/#?secret=N5AwgFCmhe\" width=\"600\" height=\"338\" title=\"\u201dInternationella Alzheimersdagen\u201d &ndash; Belladot\" data-secret=\"N5AwgFCmhe\" frameborder=\"0\" marginwidth=\"0\" marginheight=\"0\" scrolling=\"no\" class=\"wp-embedded-content\"><\/iframe><script type=\"text\/javascript\">\n\/* <![CDATA[ *\/\n\/*! This file is auto-generated *\/\n!function(d,l){\"use strict\";l.querySelector&&d.addEventListener&&\"undefined\"!=typeof URL&&(d.wp=d.wp||{},d.wp.receiveEmbedMessage||(d.wp.receiveEmbedMessage=function(e){var t=e.data;if((t||t.secret||t.message||t.value)&&!\/[^a-zA-Z0-9]\/.test(t.secret)){for(var s,r,n,a=l.querySelectorAll('iframe[data-secret=\"'+t.secret+'\"]'),o=l.querySelectorAll('blockquote[data-secret=\"'+t.secret+'\"]'),c=new RegExp(\"^https?:$\",\"i\"),i=0;i<o.length;i++)o[i].style.display=\"none\";for(i=0;i<a.length;i++)s=a[i],e.source===s.contentWindow&&(s.removeAttribute(\"style\"),\"height\"===t.message?(1e3<(r=parseInt(t.value,10))?r=1e3:~~r<200&&(r=200),s.height=r):\"link\"===t.message&&(r=new URL(s.getAttribute(\"src\")),n=new URL(t.value),c.test(n.protocol))&&n.host===r.host&&l.activeElement===s&&(d.top.location.href=t.value))}},d.addEventListener(\"message\",d.wp.receiveEmbedMessage,!1),l.addEventListener(\"DOMContentLoaded\",function(){for(var e,t,s=l.querySelectorAll(\"iframe.wp-embedded-content\"),r=0;r<s.length;r++)(t=(e=s[r]).getAttribute(\"data-secret\"))||(t=Math.random().toString(36).substring(2,12),e.src+=\"#?secret=\"+t,e.setAttribute(\"data-secret\",t)),e.contentWindow.postMessage({message:\"ready\",secret:t},\"*\")},!1)))}(window,document);\n\/\/# sourceURL=https:\/\/belladot.com\/wp-includes\/js\/wp-embed.min.js\n\/* ]]> *\/\n<\/script>\n","description":"Idag uppm\u00e4rksammar Belladot Internationella Alzheimersdagen. Alzheimer kommer smygande. Allteftersom symptomen f\u00f6rv\u00e4rras \u00e4ndras livet p\u00e5 m\u00e5nga s\u00e4tt f\u00f6r den drabbade och dess partner. Alla har r\u00e4tt att utrycka sin sexualitet, inte minst dementa. \u00d6ppenhet m\u00e5ste finnas f\u00f6r att sexualiteten f\u00f6r\u00e4ndras och beh\u00f6ver uttryckas p\u00e5 andra s\u00e4tt \u00e4n tidigare. M\u00e5nga demenssjuka f\u00e5r minskad sexuell lust, men har kvar behov av \u00f6mhet och n\u00e4rhet. Andra kan bli sexuellt ut\u00e5tagerande. Hur f\u00f6r\u00e4ndringen yttrar sig beror p\u00e5 vilken del av hj\u00e4rnan som \u00e4r drabbad. F\u00f6r m\u00e5nga par \u00e4r det m\u00f6jligt att forts\u00e4tta ett aktivt sexliv under flera \u00e5r, f\u00f6r andra ers\u00e4tts sexlivet av kramar och [&hellip;]"}

Idag uppmärksammar Belladot Internationella Alzheimersdagen. Alzheimer kommer smygande. Allteftersom symptomen förvärras ändras livet på många sätt för den drabbade och dess partner. Alla har rätt att utrycka sin sexualitet, inte minst dementa. Öppenhet måste finnas för att sexualiteten förändras och behöver uttryckas på andra sätt än tidigare. Många demenssjuka får minskad sexuell lust, men har kvar behov av ömhet och närhet. Andra kan bli sexuellt utåtagerande. Hur förändringen yttrar sig beror på vilken del av hjärnan som är drabbad. För många par är det möjligt att fortsätta ett aktivt sexliv under flera år, för andra ersätts sexlivet av kramar och [&hellip;]
